u. What are the prime factors of m?
3, 7
Let l be ((-68)/(-6))/((-8)/(-84)). Suppose -l - 117 = 2*i. Let q = -50 - i. List the prime factors of q.
2, 17
Suppose -18*z + 19*z = 2*y + 7174, 2*z - 14336 = -2*y. What are the prime factors of z?
2, 3, 5, 239
Let x(v) = -v**2 + 12*v - 14. Let z be x(13). Let h = 29 + z. Suppose -20 = -3*b - 2*r, 2*r - h = b + 2. List the prime factors of b.
2
Suppose 0 = -4*h + 3*v + 23181, 0 = 3*h - 2*h - 4*v - 5779. Suppose 0 = 19*u - 6247 - h. What are the prime factors of u?
2, 317
Suppose 0 = -4*x - y + 29527, 3*x - x - y = 14771. List the prime factors of x.
3, 23, 107
List the prime factors of 7/(231/18) + (-5531724)/(-726).
2, 3, 5, 127
Suppose 13298 = 2*t + 111*u - 106*u, u - 33222 = -5*t. Suppose 17*l - t = 6*l. List the prime factors of l.
2, 151
List the prime factors of (-18 + (-368333)/(-21))*3.
5, 10513
Suppose -2288*o = -2337*o + 2285115. List the prime factors of o.
3, 5, 3109
List the prime factors of (-247)/((-266)/(-14)) - -36858.
5, 7369
Let a be (-8 - -10)/((-4)/6). Let b(k) = -27*k - 7. Let n be b(a). Suppose -3*q - 64 = -r + n, -545 = -4*r + 5*q. List the prime factors of r.
3, 5
Suppose -2*r = 4 - 12. Suppose 4*d - 20 = -r. Suppose 0 = -0*m - 4*m - 4*t + 16, -m - 3*t + d = 0. List the prime factors of m.
2
List the prime factors of (230/30)/(11/8679).
23, 263
Let r(x) = 68842*x**2 + 547*x + 1. List the prime factors of r(-1).
2, 8537
Suppose -29659 = -49*y + 72457. What are the prime factors of y?
2, 521
Suppose 21*z = 19*z - 22. Let d(p) = -p**2 - 42*p + 16. What are the prime factors of d(z)?
3, 7, 17
Let d = -485 - -485. Suppose -5049 = -d*m - 11*m. What are the prime factors of m?
3, 17
Let w = -3 + -2. Let p(k) = -15 + 23 + 4*k**2 - k**2 + 0*k**2 - k. List the prime factors of p(w).
2, 11
Let p be 4*(-5)/(-5) - -1. Suppose 3*o + 8 = 2, -p*o - 998 = -4*g. Let w = g - -48. What are the prime factors of w?
5, 59
Suppose 2308 = -7*u + 3*u + 4*c, -3*u - 4*c = 1745. Let s = -1 - u. Suppose 3 = -x, 3*x - s = -5*j - x. What are the prime factors of j?
2, 59
Let p = 307 + -455. Suppose -3*a = -633 - 192. Let w = p + a. What are the prime factors of w?
127
Let k(u) = 2*u**2 + 2*u + 4. Suppose 12*c = 8*c + 28. Let d = -4 + c. What are the prime factors of k(d)?
2, 7
Let b(x) = -5*x**2 - 5*x - 1. Let i be b(3). Let q = i + 64. Suppose -2*o + 12 = r, -r + 18 = q*o - 2*r. What are the prime factors of o?
2, 3
Suppose -3*g = 2*g - 0*g. Suppose g = m - 225 - 93. What are the prime factors of m?
2, 3, 53
Let g be (-49 + 59)*(-2 + (-10)/(-4)). Suppose -3*f - g*v + 631 = -6*v, -4*f = -4*v - 836. List the prime factors of f.
211
Let x(i) = 6*i**2 + 24*i - 49. Let h(m) = m**2 + m + 2. Let f(q) = -4*h(q) + x(q). What are the prime factors of f(-22)?
3, 157
Suppose 13*o - 1565 = 63929. List the prime factors of o.
2, 11, 229
Let z(g) be the first derivative of -9*g**2 - 116*g - 27. What are the prime factors of z(-41)?
2, 311
Let p be (85494/(-14))/(-3) + 3/7. Suppose -5452 - p = -8*j. Suppose 3*z = -3*h + 187 + 362, -5*z + 2*h = -j. List the prime factors of z.
2, 3, 31
Let m(q) = -132 - 32*q - 7*q + 81*q - 16*q. What are the prime factors of m(28)?
2, 149
Let a = -578 + 587. Suppose 71 - 9 = 2*x. Let j = a + x. List the prime factors of j.
2, 5
Suppose -106*g = 40*g + 67*g - 5574849. What are the prime factors of g?
7, 3739
Let j(x) = 65*x + 457. List the prime factors of j(16).
3, 499
Let w(x) = -x**3 + x**2 - 2*x + 3. Let o be w(-4). Suppose 101 + o = -8*f. What are the prime factors of -218*(1 + 1)*6/f?
109
Suppose 0 = 101*h - 96*h - 166680. Suppose 8*i = 26*i - h. What are the prime factors of i?
2, 463
Let l = -176 + 180. Suppose 0 = l*f - 5*f + 337. What are the prime factors of f?
337
Let y = 44743 - 18602. List the prime factors of y.
26141
Suppose 24 - 20 = 2*a. Suppose 6*p + 24 = a*p. Let u = 19 + p. What are the prime factors of u?
13
Let b(q) = 14332*q + 745. What are the prime factors of b(2)?
3, 9803
Suppose -10*z = -4*z - 11*z. Suppose z = 18*h - 29 - 1231. List the prime factors of h.
2, 5, 7
Suppose 45 = 2*u + 3*u. Suppose -u*r + 11 + 7 = 0. Suppose -r*a - 5*c + 104 = 2*a, -26 = -a - 5*c. What are the prime factors of a?
2, 13
Let j = -13 - -20. Let t be (8 + (-1 - j))*(1 - 2). List the prime factors of 79 - (t/2 - 0).
79
Let g(j) = 528*j**2 + 75*j - 271. What are the prime factors of g(5)?
2, 1663
Let p = 284 - 292. What are the prime factors of ((-234)/24)/(6/p)?
13
Let m = -50 + 67. Suppose m*l - 5236 = 10*l. What are the prime factors of l?
2, 11, 17
Suppose 2*f - 107 = 221. Let w = 170 - f. What are the prime factors of w?
2, 3
Suppose -2*w = 5*j - 204, -2*w = 3*j - 8*j + 196. Let z be 37/7 + 4/(-14). Suppose -6*m = -z*m - j. What are the prime factors of m?
2, 5
Suppose 425*t - 62940 = 413*t. List the prime factors of t.
5, 1049
Let v(w) = 1 - 477*w**3 + w**2 + 8*w - 19*w + 14*w. What are the prime factors of v(-1)?
2, 7, 17
Let l be (-30)/(-75) - (-678)/5. Suppose -b = -0*b - 246. Let d = b - l. List the prime factors of d.
2, 5, 11
Let v(g) = -5 + 7*g + 1 - 3. Let c = 1190 - 1183. What are the prime factors of v(c)?
2, 3, 7
Suppose -5*b + 275 = 5*a, 3*a + a = -3*b + 217. Suppose 0*x - 3*x = -4*d - a, 12 = -3*d. Suppose -18*s + 786 = -x*s. List the prime factors of s.
131
Let k be 8/(0 - (0 + -1)). Let v be (269 - (1 - -7)) + -4 + 2. Suppose -k*d + v = -d. What are the prime factors of d?
37
Let w be ((-34)/4 + 6 - -3)*2254. Suppose 57*m - 7024 = w. What are the prime factors of m?
11, 13
Let x(v) = 6406*v + 4. Let f be x(1). Suppose -11*q + 21*q = f. What are the prime factors of q?
641
Let a = 62 - 54. Let o(f) = f**3 + 2*f**2 + 9*f. Let h be o(a). Suppose n - 5*n = 4*v - 712, -4*v - n = -h. List the prime factors of v.
2, 89
Suppose -8*l - 83 = -35. Let v be 3 - l/9*-9. Let o(i) = 6*i**2 - 6*i - 6. List the prime factors of o(v).
2, 3, 11
Let p be (12/(-9))/((-6)/153). Let b be -3 + 53 + -1 + 2. What are the prime factors of b/p*(-256)/(-6)?
2
List the prime factors of (-8)/16 + (188475/(-6))/(-7).
7, 641
Let d = 94 - 91. Suppose 2*l + 2*p - 1126 = -0*l, -d*p - 1677 = -3*l. List the prime factors of l.
3, 11, 17
Let l = -34 - -36. Let a be (0 + l)*1*(-14)/(-28). What are the prime factors of 4 + (-1)/a - (-56 - -3)?
2, 7
Suppose -3*h = -4 - 5, -o + 8 = 2*h. Suppose -o*s - m = -513, -3*s = -2*m - 206 - 574. Let x = s - 168. What are the prime factors of x?
2, 3, 5
Let n = 13 + -8. Let b be n/((-100)/(-2965)) - 3/(-4). Let i = 235 - b. What are the prime factors of i?
2, 43
Let w(l) = -41*l - 199. Let z be w(-5). What are the prime factors of -10*(z + -1 - 18)?
2, 5, 13
Suppose b = -14*w + 19*w - 18477, 0 = 4*w + 3*b - 14774. What are the prime factors of w?
5, 739
Let r = 335 + -331. Suppose 4*j - r*x = 2*j + 3108, 0 = 3*j + x - 4634. List the prime factors of j.
2, 773
Let z be (5/((-20)/56))/(-1). Suppose -c + z = 3*h, -3 + 37 = 3*h - 4*c. What are the prime factors of -4 + h/3 + (6 - -124)?
2
Let h(p) = p**3 - 137*p**2 + 113*p + 260. List the prime factors of h(140).
2, 3, 5, 13
Let z = -128 - -78. Let c = 91 + z. What are the prime factors of c?
41
Let i be 5/3 + 6/(-9). Let y(t) = -96*t + 6 + 45*t - 3 + 24*t**2 + 46*t + 2. What are the prime factors of y(i)?
2, 3
Let b = 46 + -48. Let d be 2937/(-44) + (b/1)/8. Let c = d + 119. List the prime factors of c.
2, 13
Let w(x) be the third derivative of x**6/120 - x**5/6 - 35*x**4/24 - 16*x**3/3 + 86*x**2 + 2*x. What are the prime factors of w(15)?
2, 71
Let l be (2/7)/(27/189). What are the prime factors of 1 + l/(-3) - 85888/(-132)?
3, 7, 31
Let p(f) = -f**3 - 2*f + 12. Let c be p(0). Suppose -c*b + 7231 = 2959. What are the prime factors of b?
2, 89
Suppose -5*a - 11976 - 9074 = 0. Let q = a - -6059. List the prime factors of q.
43
What are the prime factors of ((-12)/(-22) - 3365/220)*-232?
2, 29, 59
Suppose 4*q = 3*u + 28303, 2*q - 7*u + 2*u = 14141. List the prime factors of q.
2, 3539
Let i = 108 - 66. Let k = -40 + i. Suppose k*q - 6*q = -2*n + 176, q = 0. What are the prime factors of n?
2, 11
Suppose -4 = 4*k, 5*g - 4*k - 83014 = -1865. List the prime factors of g.
16229
Let x be (-1 + -8)*2/(-3). Let o(q) = -6 + x*q + 3*q - q**2 + 2*q**2. What are the prime factors of o(-15)?
2, 3, 7
Let k(m) = 4*m - 35. Let x be k(1